e the highest common divisor of k and 7.
7
Let h(q) = q**3 + 5*q - 3. Let t be h(2). Calculate the highest common factor of 3 and t.
3
Suppose p - 1 + 0 = 0. Let l be p - -1 - 35/(-5). Let q(u) = u**2 - 9*u - 9. Let w be q(-6). What is the greatest common factor of l and w?
9
Let v(i) = 10*i - 16. Let m be v(8). What is the greatest common divisor of m and 8?
8
Let w(p) = -p**2 - 21*p + 1. Let a be w(-6). Suppose k + 0*k = 0, -5*f + 4*k = -65. Calculate the greatest common factor of f and a.
13
Let t(k) = 13*k**3 + k**2 - 2*k. Let d be t(2). Let s = -3 - -6. Suppose -s*m = m - 52. Calculate the highest common factor of m and d.
13
Let g(i) = -i + 36. Let j be g(19). Calculate the greatest common divisor of j and 85.
17
Let d = -1 - -5. Let k(n) = -4 - d*n + n + n. Let i be k(-5). Calculate the greatest common divisor of 24 and i.
6
Suppose -r + 3*b + 2532 = 2*r, -2*b = -3*r + 2536. Suppose 4*a - r = -4*t, -83 = a + 3*t - 301. What is the highest common factor of 19 and a?
19
Suppose 0 = -2*z - 2*z - 4*r - 12, 0 = z - 4*r - 17. What is the highest common divisor of z and 9?
1
Suppose z - 24 = -z. Let n = z + -4. What is the highest common divisor of n and 56?
8
Let h(k) = -k**2 - 6*k - 6. Let l be h(-4). What is the greatest common divisor of l and 6?
2
Let k = -186 + 657. Suppose 196 = -5*g + k. Suppose -4*n + 11 = -3*n. What is the greatest common factor of g and n?
11
Suppose 2*j = -4*v - 22, 0*j - v = -2*j - 27. Let x(y) = y**3 + 4*y**2 - y - 1. Let o be x(-2). Let g = o - j. What is the greatest common factor of g and 22?
22
Suppose 4*x = 2*x. Let y = -6 + 11. Suppose 4*v + a + 0*a - 178 = x, a - 223 = -y*v. What is the highest common divisor of 15 and v?
15
Suppose 0 = n - 15 - 15. What is the greatest common divisor of 15 and n?
15
Let b(x) = -x**3 + 8*x**2 - 6*x + 5. Let g be b(7). Let j be (-10)/2*(-30)/50. What is the greatest common factor of j and g?
3
Suppose -4*m + 2*m - 40 = -5*r, 4*r - 3*m = 39. Let s be (15/(-2))/((-1)/4). What is the highest common divisor of s and r?
6
Let u = 1 + 59. Let c = 179 + -87. Suppose 3*o + 20 - c = 0. Calculate the highest common divisor of u and o.
12
Let c be 12 + 1 + 1 - 1. Let g = -3 - -3. Suppose 3*l + 5*n - 424 = g, 2*l + 2*n + 288 = 4*l. Calculate the highest common factor of c and l.
13
Suppose -4*c = 4*v - 4, 2*v + c + 2 = 9. Calculate the greatest common divisor of v and 12.
6
Let x be (12/36)/(1/129). What is the highest common divisor of x and 43?
43
Suppose -q + 6 = -2. Let b(a) = a - 1. Let g be b(3). What is the greatest common divisor of g and q?
2
Suppose 112 = 3*o - 128. Let m = 22 + -14. Calculate the highest common divisor of o and m.
8
Suppose -2*k + 0*k = -o + 7, 2*o + 3*k = 42. Let j be 2/(-10) - 246/(-30). Let x = j + -5. What is the greatest common factor of o and x?
3
Suppose 34 = 4*r + 6. Let l = -34 + 70. Suppose -2*t - l = -162. Calculate the highest common divisor of r and t.
7
Suppose -2*l - 2*l + 8 = 0, 2*p + 4*l = 48. Calculate the highest common factor of 80 and p.
20
Suppose 2*j - 14 - 16 = 0. Calculate the highest common divisor of j and 165.
15
Suppose -17*n + 1430 = -12*n. What is the highest common divisor of n and 26?
26
Suppose -52 = -3*d - g, g + 86 = 5*d + 10. Calculate the greatest common factor of 40 and d.
8
Let i = 16 - 14. Suppose -4*h + 2 = 6, -i*s + 91 = 5*h. Let l(q) = 119*q**3 + 1. Let b be l(1). What is the greatest common divisor of b and s?
24
Let m = 239 - 215. Calculate the highest common divisor of m and 8.
8
Let k = -108 + 188. Suppose -5*r + k = 3*s + 15, -5*s = -4*r + 15. What is the highest common divisor of 1 and r?
1
Let t = 63 - 46. What is the highest common divisor of 204 and t?
17
Let i(k) = -k**2 + 18*k + 3. Let a be i(18). What is the highest common factor of a and 3?
3
Suppose -3*t + t + 14 = -4*q, 5*q + 7 = -t. Calculate the greatest common factor of 27 and t.
3
Let x be ((-9)/5)/((-2)/20). Calculate the greatest common factor of x and 144.
18
Suppose d = 4*q - 2*d - 435, -453 = -4*q - 3*d. Suppose -3*p - q + 3 = 0. Let s = -16 - p. Calculate the highest common factor of s and 30.
10
Let f(d) = -2*d**2 + 53*d + 18. Let m be f(22). Calculate the greatest common factor of m and 54.
54
Let q be 3/(6/16) + -3. Suppose q*w - 58 = 3*d + 38, 2*w + 3*d = 51. Calculate the highest common divisor of 3 and w.
3
Let z = 24 - 0. Let p(a) = 2 - 3*a - 2*a - a**2 - 2*a. Let q be p(-6). What is the highest common divisor of z and q?
8
Let x be (0 - 2)/((-357)/(-90) - 4). Calculate the greatest common divisor of 15 and x.
15
Let c(l) = 7*l**2 + 14*l - 1. Let k be c(-3). What is the highest common divisor of 12 and k?
4
Suppose 2*r + 6 = 0, h - 6*r + 4*r = 50. Suppose -n + 4*o + 70 = 0, 4*o = -6*n + 3*n + 194. What is the highest common factor of h and n?
22
Suppose -2*z + 26 = 5*d, 3 = -5*d - 5*z + 38. Let k be (1 - 3)/((-1)/d). What is the greatest common divisor of k and 16?
8
Let v = -4 - -7. Suppose v = c + 3*k - 7*k, -5*k + 26 = 3*c. Suppose 5*m = 5*x - c - 33, -4*x + 2 = 2*m. Calculate the greatest common factor of x and 2.
1
Let p(x) = 32*x**3 + x**2 - 2*x + 1. Let k be p(1). Suppose a - 68 = k. Let i = -28 + a. Calculate the greatest common divisor of 8 and i.
8
Let m(s) = 2*s + 5. Let v be m(-8). Let x = 23 + v. What is the highest common divisor of 24 and x?
12
Suppose -6*m + 2*m + 16 = 0. Suppose 245 + 1 = m*a + 2*i, 2*a - 4*i = 138. What is the highest common factor of a and 42?
21
Let l = 4 - 9. Let d be (0 - 15)/(l - -4). Calculate the greatest common divisor of 6 and d.
3
Suppose 5*l + 5*d = 5, 1 = -3*l + 2*d + 29. Suppose -l*h + 2*h = -16. Calculate the greatest common factor of 10 and h.
2
Let q(k) = k**2 + 4*k - 19. Let t be q(-8). What is the greatest common divisor of t and 117?
13
Suppose 0 = d - 0*d - 15. Suppose d = -p + 75. What is the highest common divisor of p and 12?
12
Let y(p) = p**3 - 13*p**2 + 12*p + 1. Let x be y(12). Let a be 32 - (4 + (-2)/x). What is the highest common divisor of a and 6?
6
Let o be (-4)/(-14) + (-576)/(-42). Calculate the greatest common factor of 224 and o.
14
Suppose 4*h + t - 24 = 0, -4*h + 2*t = -t - 40. Let f be 120/(-14)*-1*7. Let k = f + -4. What is the greatest common divisor of h and k?
7
Let q(v) = v**3 - 2*v**3 + 5*v**2 + 0*v**3 + v. Let s be q(5). Suppose 0*t - 40 = -s*t. Calculate the highest common divisor of t and 8.
8
Let m(w) = w**3 + 4*w**2 - 4*w + 7. Let i be m(-5). What is the greatest common factor of i and 22?
2
Let k(l) = -9*l. Let m be k(-1). Suppose -2*s + 144 + 54 = 0. Calculate the highest common factor of s and m.
9
Let x be (0 + 0)*3/(-6). Suppose 16*g + 8 = 18*g. Suppose x = 2*s - 0 - g. Calculate the highest common factor of s and 2.
2
Let r be 6/4*24/4. Let s = r + 68. Calculate the highest common factor of 11 and s.
11
Let x be ((-18)/(-5))/(2/20). Suppose y - 3*y + x = 2*v, y = 5*v - 12. Calculate the greatest common divisor of 26 and y.
13
Suppose -4*x - 3*q + 24 = 0, x - 3*q - 7 = -1. Let k = x + 12. Calculate the highest common divisor of k and 162.
18
Let r = -6 + 11. Suppose 5*x - 6*x = -5*z + 45, r*x = 0. What is the greatest common divisor of 99 and z?
9
Suppose -3*l + 10 = -53. Calculate the greatest common divisor of l and 63.
21
Let m be (-11)/(-2*(-3)/(-12)). Let x be 2424/(-15) - (-10)/(-25). Let b = x - -250. Calculate the greatest common divisor of b and m.
22
Let v = 24 + -9. Suppose 0 = 5*a - 2*a + 216. Let l = a + 117. Calculate the highest common divisor of l and v.
15
Suppose z + a = 21, 0 = z - 2*a - 3 - 18. Let v be (-1 + 2)*(6 - -1). Calculate the greatest common factor of v and z.
7
Let b be ((-48)/3)/4 + 74. What is the highest common divisor of b and 10?
10
Suppose 9*d - 195 = 6*d. Calculate the greatest common divisor of 13 and d.
13
Suppose -2*f - 2*z - 2*z = -184, 3*z = 4*f - 346. Calculate the greatest common factor of f and 8.
8
Suppose -15 = 3*z - 78. Calculate the highest common factor of z and 21.
21
Suppose 2*j - 10 = 2*d - 3*d, 3*j + 3 = 3*d. What is the greatest common divisor of 24 and j?
3
Let p(i) = 18*i**2 - 8*i - 10. Let f be p(-4). What is the greatest common divisor of 31 and f?
31
Let y(t) = 3*t**3. Let w be y(1). Suppose -5*k + 2*l + 17 = 0, w = 3*k - 2*l - l. Let c = -63 + 103. What is the greatest common div